ctors of 818722880.
2, 5, 2558509
What are the prime factors of 315065357?
113, 199, 14011
What are the prime factors of 120992883?
3, 11, 1087, 3373
What are the prime factors of 209283343?
29, 7216667
What are the prime factors of 1569644561?
17, 5147, 17939
List the prime factors of 103066823.
7211, 14293
List the prime factors of 79279705.
5, 401, 39541
List the prime factors of 2941663187.
17, 53, 3264887
What are the prime factors of 6012605?
5, 31, 38791
List the prime factors of 351192247.
7, 647, 77543
List the prime factors of 882240171.
3, 127, 18233
List the prime factors of 1332829241.
29, 45959629
What are the prime factors of 168609346?
2, 277, 304349
List the prime factors of 1126682013.
3, 375560671
What are the prime factors of 111622761?
3, 157, 197, 401
What are the prime factors of 37363166?
2, 59, 316637
What are the prime factors of 2329352144?
2, 7, 89, 233683
List the prime factors of 393910780.
2, 5, 41, 480379
What are the prime factors of 11825082?
2, 3, 23, 9521
What are the prime factors of 16809740?
2, 5, 223, 3769
List the prime factors of 1131305882.
2, 7, 53, 1181, 1291
List the prime factors of 30560802.
2, 3, 5093467
List the prime factors of 159973480.
2, 5, 3999337
List the prime factors of 53929300.
2, 5, 539293
What are the prime factors of 436672703?
6323, 69061
What are the prime factors of 650788176?
2, 3, 13558087
What are the prime factors of 1344212262?
2, 3, 4007, 18637
List the prime factors of 515809728.
2, 3, 7, 42643
What are the prime factors of 195619605?
3, 5, 13041307
List the prime factors of 46069331.
7, 11, 598303
List the prime factors of 3567507.
3, 23, 149, 347
What are the prime factors of 722831723?
541, 1336103
What are the prime factors of 3337481836?
2, 13, 41, 193, 8111
List the prime factors of 1024543171.
9421, 108751
What are the prime factors of 644130927?
3, 11, 31, 43, 1627
List the prime factors of 51305391.
3, 41, 163, 853
List the prime factors of 35886734.
2, 13, 1380259
List the prime factors of 2929970478.
2, 3, 151, 409, 7907
What are the prime factors of 39138296?
2, 4892287
List the prime factors of 220337712.
2, 3, 7, 1487
List the prime factors of 2566660561.
17, 4283, 35251
What are the prime factors of 29692044?
2, 3, 824779
What are the prime factors of 5832306831?
3, 13, 83, 167, 10789
What are the prime factors of 533605303?
7, 11, 6929939
List the prime factors of 2283218870.
2, 5, 12251, 18637
List the prime factors of 27456651.
3, 419, 809
What are the prime factors of 159730307?
11, 787, 18451
List the prime factors of 694277857.
7, 13, 293, 2003
List the prime factors of 4039016911.
4039016911
What are the prime factors of 62564911?
863, 72497
List the prime factors of 130858284.
2, 3, 10904857
What are the prime factors of 1358859051?
3, 11, 4575283
List the prime factors of 1189177008.
2, 3, 73, 4649
List the prime factors of 1233241994.
2, 29, 1237, 17189
List the prime factors of 168728867.
61, 1153, 2399
What are the prime factors of 810756266?
2, 359, 1129187
List the prime factors of 42466973.
89, 673, 709
List the prime factors of 105751495.
5, 569, 37171
List the prime factors of 60925307.
1033, 58979
What are the prime factors of 1736164887?
3, 10067, 57487
What are the prime factors of 427335348?
2, 3, 11, 37, 59, 1483
What are the prime factors of 233058021?
3, 7, 11098001
What are the prime factors of 63656740?
2, 5, 7, 29, 15679
List the prime factors of 1371261196.
2, 23, 14905013
List the prime factors of 1203087740.
2, 5, 947, 63521
List the prime factors of 1722463120.
2, 5, 7, 17, 29, 367
List the prime factors of 303477374.
2, 233, 651239
List the prime factors of 379047586.
2, 189523793
What are the prime factors of 422742686?
2, 29, 37, 196991
What are the prime factors of 247435617?
3, 11, 13, 73, 7901
List the prime factors of 200235279.
3, 66745093
What are the prime factors of 210796063?
31, 499, 13627
List the prime factors of 6686550.
2, 3, 5, 13, 127
List the prime factors of 94118162.
2, 23, 2046047
List the prime factors of 1658398311.
3, 263, 700633
What are the prime factors of 51325050?
2, 3, 5, 7, 6983
What are the prime factors of 1507116396?
2, 3, 139, 903547
List the prime factors of 1854265114.
2, 13, 71317889
List the prime factors of 30205946.
2, 23, 656651
What are the prime factors of 25726869?
3, 7, 31, 4391
What are the prime factors of 17683688?
2, 11, 23, 8737
List the prime factors of 17694038.
2, 23, 211, 1823
What are the prime factors of 8067945312?
2, 3, 7, 37, 108161
What are the prime factors of 386260138?
2, 11, 59, 297581
List the prime factors of 158116216.
2, 607, 32561
What are the prime factors of 104759090?
2, 5, 10475909
List the prime factors of 121384261.
113, 617, 1741
What are the prime factors of 94552874?
2, 13, 1907
What are the prime factors of 97306375?
5, 373, 2087
List the prime factors of 1900420542.
2, 3, 499, 23509
What are the prime factors of 2448506?
2, 43, 71, 401
List the prime factors of 65197770.
2, 3, 5, 11, 197569
What are the prime factors of 186406126?
2, 3067, 30389
What are the prime factors of 114856198?
2, 409, 140411
What are the prime factors of 79652306?
2, 2339, 17027
What are the prime factors of 29939105?
5, 7, 37, 61, 379
List the prime factors of 139661713.
139661713
What are the prime factors of 283427372?
2, 70856843
What are the prime factors of 7331397048?
2, 3, 163, 208231
List the prime factors of 36307144.
2, 1151, 3943
What are the prime factors of 245869865?
5, 1049, 46877
What are the prime factors of 171554468?
2, 6521, 6577
What are the prime factors of 600503304?
2, 3, 4243, 5897
What are the prime factors of 227362920?
2, 3, 5, 1894691
What are the prime factors of 1729051636?
2, 13, 3181, 10453
List the prime factors of 143831373.
3, 7, 17, 101, 3989
What are the prime factors of 1784267819?
4283, 416593
What are the prime factors of 860659979?
3119, 275941
What are the prime factors of 2101231448?
2, 199, 1319869
List the prime factors of 3959559002.
2, 7, 1373, 205991
What are the prime factors of 2765847781?
2765847781
List the prime factors of 3428218415.
5, 3671, 186773
List the prime factors of 707333.
11, 64303
What are the prime factors of 384356110?
2, 5, 223, 172357
What are the prime factors of 1102912014?
2, 3, 183818669
What are the prime factors of 565819924?
2, 19, 1201, 6199
What are the prime factors of 74681793?
3, 8297977
List the prime factors of 94536098.
2, 601, 78649
What are the prime factors of 102937175?
5, 11, 374317
What are the prime factors of 73325105?
5, 7, 43, 83, 587
What are the prime factors of 7517079843?
3, 7, 13, 47, 585853
List the prime factors of 77188519.
77188519
List the prime factors of 15108501.
3, 31, 162457
What are the prime factors of 459799453?
459799453
List the prime factors of 33800428.
2, 29, 67, 4349
What are the prime factors of 307635969?
3, 2477, 41399
List the prime factors of 547829299.
19, 83, 311, 1117
List the prime factors of 25864478.
2, 31, 417169
List the prime factors of 186588751.
186588751
List the prime factors of 132855681.
3, 7, 43, 167, 881
What are the prime factors of 21536566?
2, 10768283
What are the prime factors of 365555400?
2, 3, 5, 7, 87037
List the prime factors of 107035152.
2, 3, 7, 318557
What are the prime factors of 730359224?
2, 7, 13042129
List the prime factors of 56269247.
23, 31, 78919
List the prime factors of 80103029.
6449, 12421
What are the prime factors of 1442642771?
1442642771
List the prime factors of 716706577.
31, 83, 278549
List the prime factors of 2665167598.
2, 101, 199, 66301
List the prime factors of 79358097.
3, 7, 13, 131, 317
List the prime factors of 124899873.
3, 7, 59, 14401
List the prime factors of 236220305.
5, 47244061
What are the prime factors of 7093370692?
2, 1773342673
What are the prime factors of 169281332?
2, 11, 3847303
List the prime factors of 136173956.
2, 41, 830329
List the prime factors of 60432244.
2, 1439, 10499
What are the prime factors of 722337287?
7, 23, 4486567
What are the prime factors of 597831713?
19, 31464827
List the prime factors of 10868244.
2, 3, 905687
What are the prime factors of 6919401?
3, 19, 233, 521
List the prime factors of 54522585.
3, 5, 13, 47, 661
What are the prime fac